5?
13
Let h be 97/(-3) + (-4)/6. Let a = h - -57. Let z = 56 - 43. Calculate the remainder when a is divided by z.
11
Suppose -10*y + 175 = -5*y. Calculate the remainder when y is divided by 12.
11
Suppose -h - t + 39 = 0, -3*h - 4*t = -6*t - 142. Calculate the remainder when h is divided by 23.
21
Suppose 4*q = 5*q - 21. Let p = -9 + q. Calculate the remainder when p is divided by 7.
5
Suppose -c - 5*b + 4 = -11, 0 = 3*b - 6. Calculate the remainder when 27 is divided by c.
2
Let t(r) = -r**3 - 10*r**2 - 12*r + 11. What is the remainder when t(-9) is divided by 8?
6
Let t be 3/2 + 195/10. Let p = -6 + t. What is the remainder when 28 is divided by p?
13
Suppose 4*x - 396 = -2*d, 4*x = d + 2*x - 202. What is the remainder when d is divided by 41?
36
Let g(v) be the first derivative of -v**4/4 - 4*v**3/3 + 3*v**2/2 - 3*v + 3. What is the remainder when 12 is divided by g(-5)?
5
Let m(j) = -4*j - 1. Let a be m(-1). Suppose 0 = -a*q + 8*q - 140. What is the remainder when q is divided by 159/15 + (-27)/45?
8
Let a be (-6)/(-10) + 22/55. Suppose -m - g + a = -12, -4*g = -4*m + 36. Let w = -79 - -111. What is the remainder when w is divided by m?
10
Suppose 11 = -3*h + 26, -139 = -4*s + 5*h. What is the remainder when s is divided by 11?
8
Suppose -4*f - 33 = -7*f. Suppose 4*r = 71 - f. Suppose -4*s - s + 145 = 0. What is the remainder when s is divided by r?
14
Suppose -5*n = -10 - 210. Suppose 61 = -5*p - n. Let h = -6 - p. Calculate the remainder when 29 is divided by h.
14
Suppose 4*r = 2*r + 118. Calculate the remainder when r is divided by 30.
29
Suppose 4*q + 2*n = 324, q + 3*n - 5*n - 86 = 0. What is the remainder when q is divided by 12?
10
Suppose 0*y - y + 74 = 0. Suppose -11*o + 161 = -48. What is the remainder when y is divided by o?
17
Let i be (-4)/((-5)/(-3) - 2). Let j = i - -17. What is the remainder when j is divided by 10?
9
Suppose -2 = 4*b - 3*b + 2*k, -5*b - 4*k = -8. Calculate the remainder when 5 is divided by b.
1
Let a be 312/14 - (-6)/(-21). Suppose -a = -3*o + 134. Suppose 2*w - 6*w + o = 0. What is the remainder when w is divided by 5?
3
Suppose -2*l - 81 = -3*d, -3*l - 15 = -2*d + 44. What is the remainder when d is divided by 9?
7
Let l be -5 + 8 + -1 + 0. Suppose 3*y + 2 + l = -2*v, -5*y + 2*v - 12 = 0. What is the remainder when 40 is divided by 7/2*y*-3?
19
Let c be 3 - (-1 + (-1 - -3)). Let b(o) = 4*o + 1. Calculate the remainder when 26 is divided by b(c).
8
Suppose i - 2 = 2*i - 3*j, 4*j = 4. Let p = 0 - -1. What is the remainder when i is divided by p?
0
Let t(u) be the third derivative of u**4/8 + u**2. Calculate the remainder when (14/3)/((-34)/(-51)) is divided by t(1).
1
Calculate the remainder when 67 is divided by (1/(-2))/(4/(-144)).
13
Suppose -a = -17 + 2. Calculate the remainder when 29 is divided by a.
14
Let u = -18 + 47. Let l = 192 - 136. Calculate the remainder when l is divided by u.
27
Let t(n) = -6*n - 16. Let j be t(-13). Suppose 3*u = u + j. What is the remainder when u is divided by 17?
14
Let d = 15 - 10. Suppose 33 = 8*n - d*n. Let c(j) = -j**2 + 5*j. What is the remainder when n is divided by c(3)?
5
Calculate the remainder when 3 is divided by (-2 - (1 + -2))/(-1).
0
Calculate the remainder when 30 is divided by 8*(-3 + (-5)/(-2))*-2.
6
Let v = 179 + -165. Let s(b) = b**3 + 7*b**2 + 6*b + 5. What is the remainder when v is divided by s(-6)?
4
Let a(y) = y**3 - 5*y**2 + 3*y + 7. Calculate the remainder when a(5) is divided by 12.
10
Suppose -k - 2*h + 65 + 19 = 0, -2*k + 5*h = -132. Suppose -6*w + k = -2*w. What is the remainder when 73 is divided by w?
16
Suppose -5*h - 20 = 0, 5*g = 2*h + 2*h + 6. Calculate the remainder when 35 is divided by (-18)/(-4)*(-4)/g.
8
Suppose 16 - 8 = 2*x. Calculate the remainder when 9 is divided by x.
1
Let z = 41 - 4. What is the remainder when 138 is divided by z?
27
Let v = 35 + -29. Calculate the remainder when 14 is divided by v.
2
Let n = 239 - 165. Suppose 0 = 2*a - n - 18. What is the remainder when a is divided by 16?
14
Let m(c) = 113*c**3 - 2*c + 1. What is the remainder when m(1) is divided by 23?
20
Suppose -12 = 3*p, -2*w + 4*p = -231 + 5. Calculate the remainder when w is divided by 36.
33
Suppose -33 = -4*l - 1. Calculate the remainder when 29 is divided by l.
5
Suppose -4*h = -u - 6*h - 5, 3*h = 4*u - 13. Let k = u + 3. Suppose -v - 92 = -k*l - 20, -4*v = -2*l + 50. Calculate the remainder when l is divided by 9.
8
Calculate the remainder when 9 is divided by 99/15 - (12/20)/1.
3
Let m(l) = 6*l**2 + l - 2. Suppose 3*q = -4*w - 11, 6*w = 2*w - 5*q - 13. Calculate the remainder when 58 is divided by m(w).
18
Let v(k) = k**2 + 3*k - 10. Let c = 18 + -2. What is the remainder when v(-8) is divided by c?
14
Let s = 16 - 6. Calculate the remainder when 47 is divided by s.
7
Let t be (-6)/(-9) + (-20)/(-6). Suppose -20 - 4 = -t*j. What is the remainder when 16 is divided by j?
4
Let h = 9 - 5. Suppose h*z + 4*r - 92 = 0, -5*z = 3*r - r - 127. Calculate the remainder when z is divided by 14.
13
Suppose 24 = 4*z - 52. What is the remainder when z is divided by 11?
8
Let p = 116 - 83. Calculate the remainder when p is divided by 16.
1
Let k(z) = -7*z + 1. Let q be k(-1). Suppose 0*o + 4*o - d - 204 = 0, 212 = 4*o - 3*d. What is the remainder when (q/(-5))/((-2)/o) is divided by 14?
12
Suppose b - 109 = -2*l, 0*b - 2*l - 569 = -5*b. Let t = b - 78. Calculate the remainder when t is divided by 9.
8
Let g(o) = 2*o**2 + 6*o - 10. What is the remainder when g(7) is divided by 67?
63
Suppose 0 = -4*x + 3*x - 4. What is the remainder when 5 is divided by (-11)/44 + (-13)/x?
2
Suppose -v - 164 = -2*b, 168 = -3*b + 5*b + v. Let j(c) = 2*c**2 + 3. What is the remainder when b is divided by j(-3)?
20
Suppose -3*k - 5 = -14. What is the remainder when 49 is divided by 18 + k/((-9)/3)?
15
Suppose 5*d - 20 = d. Suppose -5*l - 3*k + 34 = 0, -5*k = 5*l + 3 - 33. Calculate the remainder when l is divided by d.
3
Let p = -12 - -22. Let x be (-5)/(-30) - 23/(-6). Suppose 5*d - x*m = -p, -2*m + 21 = 3*d + m. Calculate the remainder when d is divided by 1.
0
Let o(x) = -x + 36. Calculate the remainder when o(9) is divided by 10.
7
Suppose 130 = 3*u + 37. What is the remainder when u is divided by 9?
4
Let j = -30 - -71. Calculate the remainder when j is divided by 11.
8
Suppose -3*o + 72 = -0*o. Let m(k) = k**2 - 5. Let j be m(0). Let x = 41 - j. Calculate the remainder when x is divided by o.
22
Let a(x) = 2*x**2 - 5*x - 6. Calculate the remainder when a(6) is divided by 5/(5/4) - -15.
17
Let g = 51 - 30. What is the remainder when 60 is divided by g?
18
Let u(j) = -j**3 + 7*j**2 + 6*j + 4. Let r be u(8). Let n = -5 - r. Let c = n + 0. What is the remainder when 19 is divided by c?
5
Let s(x) = -x - 3. Let g(t) = t**2 + 7*t. Let m be g(-5). Let f = -2 + 4. What is the remainder when s(m) is divided by f?
1
Let d(z) = z**2 + 8*z. What is the remainder when 16 is divided by d(-9)?
7
Let a(h) = h**3 - 9*h**2 + 10*h - 11. Let v be a(8). Let d be 1/(-5) + (-124)/v. Let z = d - -48. Calculate the remainder when z is divided by 12.
11
Let l(n) = -n**3 - 3*n**2 - 2*n - 3. Let j be l(-2). Calculate the remainder when (-2 - j)/((-3)/(-114)) is divided by 13.
12
Let x = -2 + 8. Suppose -15 = -a - x. What is the remainder when 17 is divided by a?
8
Let t(d) = -d**3 - d + 6. What is the remainder when t(0) is divided by 5?
1
Suppose 45 = 2*l + 3*l. Let p(o) = -o**3 + 9*o**2 + o - 10. Let i be p(l). Let x = 2 - i. What is the remainder when 9 is divided by x?
0
Suppose -3*v + 40 = -2*v. Let k = -5 - -19. What is the remainder when v is divided by k?
12
Suppose 0 = 2*v - 3*c - 109, -9*v - 2*c + 242 = -5*v. Calculate the remainder when v is divided by 21.
17
Suppose -4*q - 3*g + 7 = -17, 19 = q + 4*g. Suppose -4*o = -3*n + 36, q*n + 48 = 7*n - 4*o. Calculate the remainder when 22 is divided by n.
10
Let j(z) = z**2 - 3*z - 1. Let a(t) = -t**3 - 6*t**2 - 3*t - 13. Calculate the remainder when a(-6) is divided by j(4).
2
Suppose -2*f - 28 = 4*n, 4*f + 2*n + n = -36. Let g be f/(-4) + 2/4. Suppose -g*h + 3 = -3. What is the remainder when 8 is divided by h?
2
Let h = -28 + 69. What is the remainder when h is divided by 14?
13
Suppose y = 16 + 4. Let u(t) = t**2 - 6*t - 2. Calculat